= 23*v**2 + 4*v + 5. Let a be s(6). Suppose -673 = -4*y - d, 3*y + 2*y - 4*d = a. What is the hundreds digit of y?
1
Let m be 2 + (-657)/(-2) + 3/2. Suppose 4*k - 105 = -f + 251, 4*k - m = 5*f. What is the units digit of k?
8
What is the hundreds digit of 758/((3 - 6)/(-3))?
7
Let t(y) = -7*y**3 + y**2 + 7. Let g = -18 - -15. What is the units digit of t(g)?
5
Suppose 4*y = 96 + 468. Let c = 289 - y. What is the tens digit of c?
4
Suppose n = 1 + 13. Let j(t) = 3*t + 25. Let l be j(n). Suppose 10*w - l = 9*w. What is the tens digit of w?
6
Let s(g) = g + 7. Let y be s(-5). Suppose 0*z + 8 = -y*z. What is the units digit of (-18)/(-4)*z/(-3)?
6
Let j(k) = 45*k**2 + 27*k + 103. What is the tens digit of j(-8)?
6
Suppose 658*y + 1368 = 667*y. What is the tens digit of y?
5
What is the thousands digit of 18667/5 + 7*3/35?
3
What is the hundreds digit of 16*(-13)/(-104) - -159*9?
4
Let q(u) = 2*u**2 - 27*u + 18. Let s be q(13). Suppose 67 = s*v - l, -5*l + 3 = -3*v + 52. What is the units digit of v?
3
Suppose -2*h + 6*h = 12, 3*n = -2*h. Let r be (-1)/n*4 + 0. What is the units digit of r/(-6) - (-93)/9?
0
Let u be (-46)/(((-30)/(-27))/(-5)). Suppose -45 - u = -2*q. Suppose -3*v - 3*w + 2*w + 187 = 0, -w = 2*v - q. What is the units digit of v?
1
Suppose v + 2629 = 4*f - 2148, 3*f + 2*v = 3591. What is the units digit of f?
5
Let t(w) = w**3 + 15*w**2 + 24*w + 16. What is the units digit of t(-11)?
6
Suppose 6*i = 4*v + 4*i - 122, i - 163 = -5*v. What is the units digit of v?
2
Let o(w) = 171*w - 58. What is the units digit of o(7)?
9
What is the tens digit of 971 - ((-10)/(-14) + 6/21)?
7
What is the thousands digit of 5/((-5)/(-324))*(-111)/(-12)?
2
Let i(u) = -u**2 + 20*u + 16. Let t be i(19). What is the hundreds digit of 482/2 - t/7?
2
Let p(r) = 110*r**2 - 3*r. What is the tens digit of p(-2)?
4
What is the units digit of (210/7)/((-7)/(-42) + 0)?
0
Let y = 9899 - 5180. What is the hundreds digit of y?
7
Let y = 22 + -24. What is the tens digit of y*((-213)/6 + 2)?
6
Suppose 2*a + 215 = 3*y + 1048, -2*y + 848 = 2*a. What is the tens digit of a?
2
Suppose -f + 31 = 3*d + 2*d, -5*d + 33 = 3*f. Let j = 19 + d. What is the units digit of j?
5
Let d(h) = 20*h**3 + 69*h**2 + 7*h - 6. What is the units digit of d(5)?
4
Let m = 8 - 3. Suppose -2*s - 6*r = -3*r - 23, s = m*r + 5. Suppose -23 = -3*p + s. What is the tens digit of p?
1
Let v = 8 + -4. Suppose 0 = -2*s + v*z + 16, -8 = -3*s + 4*z + 12. Suppose -n - s*o + 9*o + 42 = 0, -3*n = 2*o - 75. What is the tens digit of n?
2
What is the tens digit of 7 - -18*210/20?
9
Let h(s) be the third derivative of s**5/60 - s**4/24 - s**3/6 + 2*s**2. Suppose 16*o - 18*o = -4. What is the units digit of h(o)?
1
Suppose 0 = -4*l - 155 + 2459. Suppose -a - g + 17 + 95 = 0, 5*a - l = -g. What is the units digit of a?
6
Let o = 9 + -6. Let n(i) = -2*i**2 - i + 4. Let w be n(o). Let u = w - -59. What is the tens digit of u?
4
Let m(j) = -4*j - 9. Let f be 2/3 + 184/12. Let k = f + -27. What is the units digit of m(k)?
5
Let d(v) = 2*v**3 - 10*v**2 + 8*v + 46. What is the units digit of d(11)?
6
Let b(a) = 4*a**2 + 7*a. Let z(m) = 4*m + 55. Let i be z(-13). What is the units digit of b(i)?
7
Suppose 5*k - 8 = 5*b + 2, 3*b - 3 = 0. Suppose -a - 14 = -k*n, 0 = -a - n + 1 + 1. What is the units digit of (12/a)/((-3)/16)?
2
Suppose -5*o = 0, 24 = 3*z - 2*o - 3*o. Let q be 22/z + (-4)/(-16). Let h(x) = 9*x + 3. What is the units digit of h(q)?
0
Suppose o = 3*t + 9, -28 + 7 = -5*o + 3*t. Suppose 0 = -4*i - 2*f + 134, i - o*f - f - 20 = 0. Suppose i = 5*y - y. What is the units digit of y?
8
Suppose -24*z - 54 = -27*z. Suppose p - 43 = -11. Let a = z + p. What is the tens digit of a?
5
Suppose -2032 = -5*t - 4*z, -1218 = -3*t - 5*z + 3*z. What is the tens digit of t?
0
Let b = -5223 - -8625. What is the units digit of b?
2
Suppose 5*v - 2160 = -2*c, -1287 = -5*v + 2*c + 873. What is the units digit of v?
2
Suppose y + 37 = 5*w + 11, 3*w - 19 = 4*y. Suppose -3*r + 4*x = 1, -w = r - 5*r - x. What is the tens digit of r + 12 - 18/(-6)?
1
Suppose 3*l + 4*v - 6*v = 4920, 0 = 3*v. What is the tens digit of l?
4
Let j = -127 + 130. What is the hundreds digit of 355/3 + j/(-9)?
1
Suppose -1452 = -182*i + 180*i. What is the units digit of i?
6
Let y(d) = -17*d**3 + d**2 + 2. Let a = -24 + 22. What is the units digit of y(a)?
2
Let m(p) = 2*p**2 + 41*p - 116. What is the thousands digit of m(18)?
1
Let l(h) = h**3 - 6*h**2 - 4*h + 1. Let g(f) = 1. Let r(x) = 4*g(x) + l(x). What is the tens digit of r(7)?
2
Let g(x) = 3*x + 96. Let s = 130 + -130. What is the tens digit of g(s)?
9
Suppose 18040 = -223*d + 234*d. What is the tens digit of d?
4
Let u(r) = 48*r + 240. Let p(b) = 1. Let d(h) = -240*p(h) + u(h). Let s be (-2)/11 + 13/11. What is the tens digit of d(s)?
4
Let p(y) = 3*y**2 - 5*y - 7. Let w = 27 - 32. Let z(n) = n**2 + 4*n. Let b be z(w). What is the units digit of p(b)?
3
Suppose k = 16 + 21. Suppose -17 - 5 = -q. Suppose o = q + k. What is the units digit of o?
9
Let a = -23 + 17. What is the tens digit of a*5/(-135) + (-2019)/(-27)?
7
Let o = 6 - 24. Let l be (-1 + 40)/((-6)/o). Suppose 2*v = -3*z + l, 0*z + 5*z - v = 208. What is the units digit of z?
1
Let m be (-2 + 5/2)*12. Let n(t) = -10*t**2 + 19*t + 8. Let l(a) = 7*a**2 - 13*a - 5. Let y(g) = -7*l(g) - 5*n(g). What is the units digit of y(m)?
7
Let a be (-1 - 8/(-2)) + 0. Suppose -a*o + 408 = 3*t, -5*t + 5*o + 265 = -3*t. What is the units digit of t?
5
Let d(v) = v**2 + 2. Let h be d(2). Let t(y) = y**2 + y + 1. Let o(l) = 2*l**2 + 5*l + 6. Let a(p) = -o(p) + 3*t(p). What is the tens digit of a(h)?
2
Let o = -179 - -117. Let u = o - -90. What is the tens digit of u?
2
Let i = 4152 + -1655. What is the hundreds digit of i?
4
Suppose 2*n = 2*o - 0*o, 0 = 3*n - 6. Suppose o*b + b = 0. Suppose b = -5*d + 4*v + 103, -2*d - v + 42 = -3*v. What is the units digit of d?
9
Let f(i) = 2*i**2 + 7*i + 7. Let z be f(-4). Let h(b) = -b**3 + 11*b**2 + 2*b + 7. What is the tens digit of h(z)?
2
Suppose -2*q + 4*q - 4*k - 4542 = 0, -9 = 3*k. What is the hundreds digit of q?
2
Suppose 4060 = 26*y + 810. What is the units digit of y?
5
Let i = 1198 - 700. What is the tens digit of i?
9
Let j(k) = 2*k**3 - 12*k**2 - 16*k + 15. Let m be j(7). What is the tens digit of m/((3/99)/1)?
3
Let i(a) = -a + 6. Let n be i(3). Let g be 1*n - (-11)/(-11). Suppose 10 = g*z - 14. What is the units digit of z?
2
Let o(f) = -15*f - 2. Let m be o(-1). Suppose -5*j - p - 14 = 0, 4*p = j + m - 6. Let g(h) = -h**3 + h + 5. What is the units digit of g(j)?
9
Suppose -2*p = 3*g + 1, 0 = g + g + 3*p - 6. Let w be (-3 - 65/(-15))*g. What is the tens digit of ((-2)/w)/((-6)/(-144))?
1
Let d(z) = 1133*z**3 - 2*z**2 + 2*z - 1. Let h be d(1). What is the tens digit of 1/(4/h) - -1?
8
Let v = 719 + -405. What is the units digit of v?
4
Let u be 3 + -3 + 2 - 4. Let q(c) be the first derivative of c**3/3 - 3*c**2/2 - c - 3. What is the units digit of q(u)?
9
Let x be (-56)/((-4 - 0) + 3). Let o = 126 - x. Suppose 0 = 4*i - 4, -o = -3*l - i + 27. What is the units digit of l?
2
Let n(j) = -j**3 - 6*j**2 + 4*j + 12. Let p be n(-6). Let d = p - -57. What is the tens digit of d?
4
Let n(j) = 2*j**2 - 2*j + 3. Let a(w) = -w + 7. Suppose 7*u - 5*c - 45 = 2*u, 4*u = -2*c + 6. Let h be a(u). What is the units digit of n(h)?
5
Let f = 64 - -55. Let c = f + -24. What is the tens digit of c?
9
Let d(n) = 26*n + 5. Let w(j) = 17*j + 3. Let q(f) = 5*d(f) - 7*w(f). What is the tens digit of q(3)?
3
Suppose 2*b + 4*r + 1 = r, 2*b - r = -21. Suppose 5*n + 90 = -3*v, -2*n - 45 = 2*v + v. Let w = b - n. What is the units digit of w?
7
Let y(o) = -o**3 + 10*o**2 - 6*o + 1. Let c(n) = -2*n - 10. Let z be c(-6). Suppose z*u = u + 9. What is the units digit of y(u)?
8
Let z be (1 - 0) + 22/11. Let l(y) = 30*y + 5. Let s be l(z). Suppose 0 = -2*h + 4, -h + s = 3*m - 0*h. What is the units digit of m?
1
What is the units digit of (-7 + 1800/9)/((-1)/(-1))?
3
Suppose 4*i + 39 = -4*x + 6511, 2*i - 2*x = 3244. What is the tens digit of i?
2
Let g(n) = 2*n**3 - 8*n**2 + 17*n - 46. What is the hundreds digit of g(9)?
9
Suppose 3 = -0*x - 3*x. Let s(p) = -p - 1. Let n be s(x). Suppose 0 = -2*u + 4*u + 3*y - 72, n = 4*u - 5*y - 166. Wh